{"id":3216,"date":"2016-03-31T13:37:51","date_gmt":"2016-03-31T13:37:51","guid":{"rendered":"http:\/\/www.margit-hohenberger.de\/blog\/?page_id=3216"},"modified":"2020-03-12T17:39:17","modified_gmt":"2020-03-12T17:39:17","slug":"biografie","status":"publish","type":"page","link":"https:\/\/www.margit-hohenberger.de\/blog\/biografie\/","title":{"rendered":"Margit Hohenberger &#8211; Keramikk\u00fcnstler\/in"},"content":{"rendered":"<figure id=\"attachment_3343\" aria-describedby=\"caption-attachment-3343\" style=\"width: 300px\" class=\"wp-caption alignleft\"><img loading=\"lazy\" decoding=\"async\" class=\"wp-image-3343 size-full\" title=\"Margit Hohenberger - Keramikk\u00fcnstler\" src=\"https:\/\/www.margit-hohenberger.de\/blog\/wp-content\/uploads\/2016\/03\/margit-hohenberger-keramikkuenstler-2016.jpg\" alt=\"Margit Hohenberger - Keramikk\u00fcnstler\" width=\"300\" height=\"300\" \/><figcaption id=\"caption-attachment-3343\" class=\"wp-caption-text\">Margit Hohenberger<\/figcaption><\/figure>\n<p>Herzlich willkommen und vielen Dank f\u00fcr Ihren Besuch.<\/p>\n<p>Vielen herzlichen Dank auch an alle Freundinnen und Freunde die mich und meine Arbeit unterst\u00fctzen.<\/p>\n<p>Einige von Euch habe ich hier auf einer <a href=\"https:\/\/www.margit-hohenberger.de\/blog\/links\/\">Link\u00fcbersicht<\/a> zusammengestellt.<\/p>\n<p>Besten Dank auch f\u00fcr die Feedbacks, Bewertungen und Kommentare hier im Keramik Kunst Blog.<\/p>\n<p>&nbsp;<\/p>\n<h4 class=\"widget-title\">Kontakt<\/h4>\n<p><strong>Margit Hohenberger<\/strong><br \/>\nQuetschenweg 129<br \/>\n95030 Hof<br \/>\n09281\/ 610 644<\/p>\n<p>Bitte wenden Sie sich direkt an mich, wenn Sie Interesse an den Raku- Figuren, Skulpturen, der Gartenkeramik, an Raku oder den Garten- Figuren haben &#8211; ich freue mich \u00fcber Ihre Anfrage. <strong>Gerne auch von Keramikk\u00fcnstler Kollegen.<\/strong><\/p>\n<h4 class=\"widget-title\">Lebenslauf<\/h4>\n<p><strong>1957<\/strong><br \/>\ngeboren in Hof\/Saale, Ausbildung zur Direktrice, K\u00fcrschner- und Schneiderin.<br \/>\n<strong>1989<\/strong><br \/>\nKursbesuche Keramik, Lebensmittelpunkt in N\u00fcrnberg, sp\u00e4ter in Dresden.<br \/>\n<strong>1993<\/strong><br \/>\nSt\u00e4ndige K\u00fcnstlerische Weiterbildung Keramik: Kurse u.a. bei L. Ragnvald, G. Kr\u00fcger, U. Grossmann, S. Claasen, J. Bechtold.<br \/>\n<strong>1995<\/strong><br \/>\nErste Ausstellung Kulturinsel Einsiedel, G\u00f6rlitz.<br \/>\n<strong>2010<\/strong><br \/>\nAnerkennungspreis f\u00fcr \u201ePorzellanlandschaft I+II\u201c in Steinwiesen.<br \/>\n<strong>Seit 1996<\/strong><br \/>\nEinzelausstellungen und Ausstellungsbeteiligungen in Dresden, Zittau, Waischenfeld, Schwarzenbach, Salzburg, Bamberg, Cadenberge, Sommerhausen, N\u00fcrnberg, Naila, Hof, Halle..<\/p>\n<h4 class=\"widget-title\">Ver\u00f6ffentlichungen<\/h4>\n<p>u.a. in \u201eSchweizer Garten\u201c, \u201eLea\u201c, regionalen Medien, \u201eNeue Keramik\u201c.<\/p>\n<h4 class=\"widget-title\">Statement<\/h4>\n<p>\u201eF\u00fcr Margit Hohenberger ist eine klare, \u00fcberschaubare und reine Formgebung Ziel bei der Gestaltung ihrer Keramikfiguren. Die Ausdruckskraft wird durch die Raku-Technik (Craquellierung) und farbige Abstufung zus\u00e4tzlich gesteigert. Form und Oberfl\u00e4che verschmelzen so zu einer homogenen Einheit und vermitteln dem Betrachter Ausgewogenheit, Ruhe und Harmonie. Margit Hohenberger besch\u00e4ftigt sich seit etwa 20 Jahren mit der Raku-Brenntechnik. Raku ist f\u00fcr sie immer wieder ein spannendes Erlebnis, und das Akzeptieren und Reagieren auf Unvorhersehbarkeiten sind unverzichtbar f\u00fcr eine ganz individuelle Keramik. Seit 2012 kombiniert Margit Hohenberger den klassischen Stil mit leuchtenden, intensiven Farben. Kombiniert mit fantasievollen Mustern pr\u00e4gt sie dadurch eine neuen Richtung in der Keramik Kunst: Popart-Raku.<\/p>\n","protected":false},"excerpt":{"rendered":"<p>Herzlich willkommen und vielen Dank f\u00fcr Ihren Besuch. Vielen herzlichen Dank auch an alle Freundinnen und Freunde die mich und meine Arbeit unterst\u00fctzen. Einige von Euch habe ich hier auf einer Link\u00fcbersicht zusammengestellt. Besten Dank auch f\u00fcr die Feedbacks, Bewertungen und Kommentare hier im Keramik Kunst Blog. &nbsp; Kontakt Margit Hohenberger Quetschenweg 129 95030 Hof 09281\/ 610 644 Bitte wenden Sie sich direkt an mich, wenn Sie Interesse an den Raku- Figuren, Skulpturen, der Gartenkeramik, an Raku oder den Garten-&#8230;<\/p>\n<p class=\"read-more\"><a class=\"btn btn-default\" href=\"https:\/\/www.margit-hohenberger.de\/blog\/biografie\/\">Weiterlesen<span class=\"screen-reader-text\"> Weiterlesen<\/span><\/a><\/p>\n","protected":false},"author":3,"featured_media":0,"parent":0,"menu_order":0,"comment_status":"open","ping_status":"open","template":"","meta":{"footnotes":""},"class_list":["post-3216","page","type-page","status-publish","hentry"],"aioseo_notices":[],"_links":{"self":[{"href":"https:\/\/www.margit-hohenberger.de\/blog\/wp-json\/wp\/v2\/pages\/3216","targetHints":{"allow":["GET"]}}],"collection":[{"href":"https:\/\/www.margit-hohenberger.de\/blog\/wp-json\/wp\/v2\/pages"}],"about":[{"href":"https:\/\/www.margit-hohenberger.de\/blog\/wp-json\/wp\/v2\/types\/page"}],"author":[{"embeddable":true,"href":"https:\/\/www.margit-hohenberger.de\/blog\/wp-json\/wp\/v2\/users\/3"}],"replies":[{"embeddable":true,"href":"https:\/\/www.margit-hohenberger.de\/blog\/wp-json\/wp\/v2\/comments?post=3216"}],"version-history":[{"count":3,"href":"https:\/\/www.margit-hohenberger.de\/blog\/wp-json\/wp\/v2\/pages\/3216\/revisions"}],"predecessor-version":[{"id":4580,"href":"https:\/\/www.margit-hohenberger.de\/blog\/wp-json\/wp\/v2\/pages\/3216\/revisions\/4580"}],"wp:attachment":[{"href":"https:\/\/www.margit-hohenberger.de\/blog\/wp-json\/wp\/v2\/media?parent=3216"}],"curies":[{"name":"wp","href":"https:\/\/api.w.org\/{rel}","templated":true}]}}