{"id":597,"date":"2008-12-20T10:10:46","date_gmt":"2008-12-20T10:10:46","guid":{"rendered":"http:\/\/www.margit-hohenberger.de\/blog\/?page_id=597"},"modified":"2016-08-06T05:09:12","modified_gmt":"2016-08-06T05:09:12","slug":"alle-schlagwoerter","status":"publish","type":"page","link":"https:\/\/www.margit-hohenberger.de\/blog\/alle-schlagwoerter\/","title":{"rendered":"Alle Schlagw\u00f6rter"},"content":{"rendered":"<h2>Schlagwort-Wolke<\/h2>\n<p>[st_tag_cloud]<\/p>\n<h2>Einordnung<\/h2>\n<p>Schlagw\u00f6rter helfen die Artikel bzw. die Arbeiten oder Kunstwerke einzuordnen. Das f\u00e4llt nicht immer leicht und manchmal kann man \u00fcber diese Zuordnungen auch diskutieren. Dennoch sind die Tags kleine Wegweiser durch meinen <a title=\"Keramik Kunst Garten\" href=\"https:\/\/www.margit-hohenberger.de\/blog\/\">Keramik Kunst Garten<\/a>.<\/p>\n","protected":false},"excerpt":{"rendered":"<p>Schlagwort-Wolke [st_tag_cloud] Einordnung Schlagw\u00f6rter helfen die Artikel bzw. die Arbeiten oder Kunstwerke einzuordnen. Das f\u00e4llt nicht immer leicht und manchmal kann man \u00fcber diese Zuordnungen auch diskutieren. Dennoch sind die Tags kleine Wegweiser durch meinen Keramik Kunst Garten.<\/p>\n","protected":false},"author":2,"featured_media":0,"parent":0,"menu_order":0,"comment_status":"closed","ping_status":"closed","template":"","meta":{"footnotes":""},"class_list":["post-597","page","type-page","status-publish","hentry"],"aioseo_notices":[],"_links":{"self":[{"href":"https:\/\/www.margit-hohenberger.de\/blog\/wp-json\/wp\/v2\/pages\/597","targetHints":{"allow":["GET"]}}],"collection":[{"href":"https:\/\/www.margit-hohenberger.de\/blog\/wp-json\/wp\/v2\/pages"}],"about":[{"href":"https:\/\/www.margit-hohenberger.de\/blog\/wp-json\/wp\/v2\/types\/page"}],"author":[{"embeddable":true,"href":"https:\/\/www.margit-hohenberger.de\/blog\/wp-json\/wp\/v2\/users\/2"}],"replies":[{"embeddable":true,"href":"https:\/\/www.margit-hohenberger.de\/blog\/wp-json\/wp\/v2\/comments?post=597"}],"version-history":[{"count":0,"href":"https:\/\/www.margit-hohenberger.de\/blog\/wp-json\/wp\/v2\/pages\/597\/revisions"}],"wp:attachment":[{"href":"https:\/\/www.margit-hohenberger.de\/blog\/wp-json\/wp\/v2\/media?parent=597"}],"curies":[{"name":"wp","href":"https:\/\/api.w.org\/{rel}","templated":true}]}}